hat is the highest common factor of a and 5?
5
Let r(s) = -s**2 - 5*s + 4. Suppose -9 = 5*q + 6. Let v be r(q). Calculate the greatest common divisor of 4 and v.
2
Suppose 2*i + 3*v = 3*i + 10, 5*i - 5*v = 0. Calculate the highest common factor of i and 25.
5
Suppose -3 = 3*y + 15. Let n = -4 - y. Suppose 4*d + 55 = b, 5*d = 2*b + n*d - 120. What is the greatest common factor of 9 and b?
9
Suppose 5*h = 11 + 9. Suppose a + 260 = h*m, -5*m + 134 + 191 = 2*a. What is the greatest common divisor of m and 13?
13
Suppose 4*k + 2*l + 2*l - 20 = 0, 4*k - 5*l = 38. Let v = k + 2. Suppose -5*s + 10*r = 5*r - 45, -4*r = -s + v. What is the highest common factor of s and 72?
9
Let w(t) = 0*t - 2*t - 8 + 4*t**2 + t**3 + 1. Let o(j) = -j**2 + 1. Let a(u) = -6*o(u) - w(u). Let i be a(-3). Calculate the greatest common divisor of i and 4.
4
Let g be 3/6*2*3. Suppose 5*l = -4*h + 22, 0 = -0*h - g*h - 5*l + 19. Calculate the greatest common factor of h and 21.
3
Let f = -213 - -75. Let b be f/(-7) - (-6)/21. Suppose 3*h = 2*h - 1, -5*h = -2*v + 13. What is the highest common factor of v and b?
4
Suppose 0 = 4*o - 2*b - 12, 4*o - 18 = 4*b - 2. Suppose 0 = 3*v - 13 - o. Let p be (13/(-2))/(v/(-10)). Calculate the greatest common divisor of 78 and p.
13
Let b(u) = -u - 4. Suppose -2*z + v - 7 - 14 = 0, -5*z = 2*v + 30. Let j be (4/(-1))/(z/(-12)). Let k be b(j). Calculate the highest common divisor of 10 and k.
2
Let g(q) = -q**3 + 2*q + 12. Let t be g(0). Let f be (24/15)/((-2)/(-45)). Calculate the greatest common divisor of t and f.
12
Suppose w - 1 - 2 = 0. Suppose 2*h + 10 = -0. Let s = h - -8. What is the greatest common divisor of w and s?
3
Suppose g + 1 = 2*d, -15 = 4*g + 5. Let s be (-70)/(-22) - d/(-11). What is the greatest common factor of 21 and s?
3
Suppose -4*z + 18 = -k + 3*k, 4*z + 17 = 5*k. Let o = k + -3. Suppose o*u - 78 = r, 2 = -2*r + 3*r. What is the highest common divisor of 5 and u?
5
Let g be 1/2*(-120)/(-2). Suppose -3*h + 114 - g = 0. What is the greatest common divisor of h and 42?
14
Let o be -1 + ((-16)/(-4))/2 + 3. What is the highest common factor of o and 3?
1
Let g be (-13)/(-3) - 6/(-9). Suppose u + 2 - 25 = -g*y, -2*u = 3*y - 18. Calculate the greatest common factor of u and 15.
3
Let r = 50 - 23. Calculate the highest common divisor of r and 9.
9
Suppose -35 = -4*d + 2*z + 43, -3*d = -3*z - 54. Calculate the highest common divisor of d and 7.
7
Let k(x) = -17*x - 29. Let y be k(-5). Calculate the highest common divisor of y and 14.
14
Let p = 8 - 5. Suppose -44 = -p*f + 31. Let i = f + -17. What is the highest common divisor of i and 2?
2
Suppose -4*a + 4*t = -3*a - 19, 5*a = t + 19. Let f be 8/a*1*6. Suppose 5*y = -3*w + y + 536, 0 = -w - y + 178. What is the highest common factor of f and w?
16
Let v be (-4)/(-3) + (-6)/(-9). Suppose 0 = -3*k + o - 12, -5*k = 4*o + 5 - 2. Let s be k/(-2)*4/6. What is the highest common divisor of v and s?
1
Let p(f) = 2*f - 8. Let n be p(6). Let h be (-2)/n*0 + 14. What is the greatest common divisor of 98 and h?
14
Suppose -m - 2 + 1 = 0. Let a = 3 - m. What is the highest common divisor of a and 6?
2
Let g be 4/6 - (-2884)/(-6). Let d = -696 - g. Let z be (-1)/(-2 + (-430)/d). Calculate the greatest common divisor of z and 12.
12
Let h be 0 - (-3)/(-9)*3. Let c be 1188/12 + 1/h. What is the highest common divisor of c and 14?
14
Let t(n) = -n - 3. Let f be t(-3). Suppose f*l = -5*l + 20. Suppose 576 = 28*q - 12*q. What is the greatest common divisor of q and l?
4
Let t be (-1)/(-1)*(-2 + -3). Let x be (13/(-5) - -2)*t. What is the greatest common factor of x and 21?
3
Let o(u) = 3*u**2 + u - 2. Let i be o(3). Let k be 0 + (-1 - -2) + 3. What is the highest common factor of i and k?
4
Let d = 18 - -4. Let v be 5/10 - d/(-4). Suppose 0 = -m + 8 + v. Calculate the highest common divisor of m and 2.
2
Let z be 325/17 - 20/170. What is the greatest common factor of 171 and z?
19
Let m(x) = -x**3 - 3*x**2 + 9*x + 11. Let b be m(-6). Calculate the greatest common divisor of b and 26.
13
Let w be 1/(-1*(-2)/210). Suppose o - 20 = -4*a - o, 5*o - 14 = 2*a. Suppose -2*i = -a - w. Calculate the greatest common divisor of i and 36.
18
Let b be 0/(-1)*2/(-4). Suppose b = 3*k + k. Suppose -3*q + k*q = -36. Calculate the greatest common divisor of q and 4.
4
Let c(j) = -j**3 + 6*j**2 + 9*j + 6. Let v be c(7). Calculate the greatest common divisor of v and 2.
2
Suppose a - 5 = 3*r - 21, 4*r + a = 26. Suppose -6 = -4*m + r. Suppose 0 = -3*s + x + 4, 4*s - m*x = -2 + 9. What is the greatest common factor of 2 and s?
1
Suppose 0 = h - 5*n - 9 + 62, 3*n = -5*h - 125. Let l be (-6 - 1)*8/h. What is the greatest common factor of 16 and l?
2
Suppose -43*y + 42*y = -44. Calculate the highest common factor of y and 4.
4
Suppose -k = 2*k - 18. Suppose -4 = -2*v - 5*r, 2*r - 40 = -5*v - 3*r. Calculate the highest common factor of k and v.
6
Let z = 2 + -6. Let t be (z/6)/(4/(-30)). Let g be 4/10 - (-58)/t. What is the greatest common factor of 48 and g?
12
Let w(x) = x**3 + x**2 - x + 17. Let u be w(0). Suppose -5*y + 2*y + 36 = 2*i, -i = -2*y + u. Calculate the highest common divisor of y and 110.
10
Let t = -9 + 23. What is the highest common factor of 154 and t?
14
Let x = 130 + -85. What is the highest common factor of 45 and x?
45
Let o be (1 + -3 - 0) + 19. Suppose 0 = -l + 2*l - 2*z - 23, 4*z + 97 = 5*l. What is the highest common divisor of o and l?
17
Let z be 0 + 2 - (-1 - -1). Suppose -14 = -m - z. Let j be (-2)/(-7) + 270/35. Calculate the greatest common factor of j and m.
4
Let i = -78 - -198. Calculate the greatest common divisor of 15 and i.
15
Let h(b) = 0 + 5 + b - 3 - 3*b. Let m be h(-10). Calculate the greatest common factor of m and 176.
22
Suppose 5*h = -5*c + 25, h + 2*c - 4 - 2 = 0. Suppose -6*v + 88 = -h*v. What is the greatest common divisor of v and 4?
4
Let h = -6 - 4. Let y be (-6)/(-30) - (-412)/h. Let r = y + 77. Calculate the greatest common factor of r and 12.
12
Let b(p) = -p**2 + 4*p. Let k be b(3). Let x be 80 + 0 - (3 + -5). Let u be (-12)/(-18) + x/k. Calculate the greatest common divisor of u and 70.
14
Suppose -3*v + 0*v = -120. Let g(z) = 7*z - 2. Let u be g(2). Let r = u + -4. Calculate the greatest common factor of v and r.
8
Suppose 7*w - 24 = 4*w. Suppose 0 = 3*n - 4 - w. Let x be (0 - (-11)/n)*4. What is the highest common factor of 11 and x?
11
Let t(c) = c**2 + 3*c - 10. Let w be t(-10). Calculate the greatest common factor of 24 and w.
12
Suppose 0 = b + 4*b. Suppose -4*z = -0*f + 5*f + 4, -3*z + 3*f + 24 = b. Let d = 1 - -3. Calculate the greatest common divisor of z and d.
4
Suppose -2*t - 1 = -5. Suppose t*w = 116 + 346. Let k = w + -123. Calculate the highest common factor of 18 and k.
18
Suppose -2*n - 2*l + 15 = -3*l, 0 = 3*n - 2*l - 22. Let m(h) = h + 4. Let p be m(n). What is the greatest common factor of p and 30?
6
Suppose 0 = 597*s - 593*s - 324. What is the greatest common divisor of s and 3?
3
Let l = 84 + -53. Let y = l + -17. What is the greatest common divisor of 154 and y?
14
Let g = -1 + 2. Let h be -3*g*35/(-21). Let l(s) = -4*s - 2. Let t be l(-3). Calculate the highest common factor of t and h.
5
Suppose 280 = -4*h - h. Let a = 16 - h. Let b(l) = l**2 - 10*l + 39. Let s be b(7). What is the greatest common factor of a and s?
18
Let v = 79 + -58. What is the greatest common factor of v and 7?
7
Let r = 110 + -107. What is the highest common factor of r and 2?
1
Let u(v) = -v**3 - 9*v**2 + 4*v - 22. Let m be u(-10). Calculate the greatest common factor of m and 38.
38
Let d(n) = 2*n**2 - 6 + n + 0 - n**3 + 5. Let u be d(2). Suppose p - u = 1. What is the highest common factor of 6 and p?
2
Suppose -9*w + 6*w = -90. What is the greatest common divisor of 20 and w?
10
Let q be 3 - ((-24)/(-4) + -4). What is the highest common factor of 4 and q?
1
Suppose 4 + 2 = o - 2*z, o - z = 10. Let r = 25 - o. Calculate the highest common factor of 11 and r.
11
Suppose 0 = 3*x + 8 + 1. Let d be 1*(6 - 3) + x. Let l be 5/(-5) + 73 + d. What is the greatest common factor of 9 and l?
9
Suppose -4*i = 2*k - 28, -4*k + 9*k + i = 79. Calculate the highest common factor of k and 48.
16
Suppose 3*u = -2 - 16. Let o(v) be the third derivative of v**5/60 - v**4/8 - 